0?
2, 5, 1721
What are the prime factors of 3730?
2, 5, 373
List the prime factors of 693994.
2, 7, 19, 2609
List the prime factors of 794929.
491, 1619
What are the prime factors of 3594757?
41, 43, 2039
List the prime factors of 62604.
2, 3, 37, 47
List the prime factors of 668284.
2, 167071
List the prime factors of 306637.
239, 1283
List the prime factors of 47468.
2, 11867
What are the prime factors of 262852?
2, 65713
List the prime factors of 3824350.
2, 5, 76487
What are the prime factors of 471373?
7, 67339
List the prime factors of 21618857.
13, 149, 11161
What are the prime factors of 1094687?
11, 83, 109
List the prime factors of 20286753.
3, 109, 62039
What are the prime factors of 859839?
3, 286613
What are the prime factors of 1091266?
2, 11, 49603
List the prime factors of 17929344.
2, 3, 46691
List the prime factors of 183506.
2, 91753
What are the prime factors of 935572?
2, 11, 1933
What are the prime factors of 502787?
502787
What are the prime factors of 2911450?
2, 5, 58229
List the prime factors of 190828.
2, 11, 4337
What are the prime factors of 10535987?
7, 11, 293, 467
What are the prime factors of 8065977?
3, 2688659
List the prime factors of 147257.
11, 1217
What are the prime factors of 9784176?
2, 3, 103, 1979
List the prime factors of 13082979.
3, 7, 13, 17, 2819
List the prime factors of 12173484.
2, 3, 1014457
What are the prime factors of 13903596?
2, 3, 7, 53, 347
What are the prime factors of 25039058?
2, 11, 269, 4231
What are the prime factors of 2658521?
2658521
What are the prime factors of 10335904?
2, 322997
What are the prime factors of 191169?
3, 11, 1931
List the prime factors of 38894.
2, 19447
List the prime factors of 887334.
2, 3, 7, 37, 571
List the prime factors of 252268.
2, 63067
List the prime factors of 29528.
2, 3691
List the prime factors of 67490.
2, 5, 17, 397
What are the prime factors of 16126336?
2, 17, 7411
List the prime factors of 2067878.
2, 137, 7547
List the prime factors of 1100535.
3, 5, 73369
List the prime factors of 864926.
2, 17, 25439
List the prime factors of 1846395.
3, 5, 47, 97
List the prime factors of 726219.
3, 13, 2069
What are the prime factors of 63564?
2, 3, 5297
List the prime factors of 1281894.
2, 3, 213649
List the prime factors of 246688.
2, 13, 593
List the prime factors of 1019170.
2, 5, 101917
What are the prime factors of 893602?
2, 277, 1613
What are the prime factors of 1578544?
2, 11, 8969
List the prime factors of 186197.
11, 16927
What are the prime factors of 1113473?
67, 16619
What are the prime factors of 31565?
5, 59, 107
List the prime factors of 2120366.
2, 131, 8093
List the prime factors of 6063462.
2, 3, 229, 1471
List the prime factors of 365358.
2, 3, 7, 8699
What are the prime factors of 888564?
2, 3, 74047
What are the prime factors of 6861517?
13, 527809
List the prime factors of 632934.
2, 3, 3907
What are the prime factors of 38205667?
4597, 8311
List the prime factors of 354066.
2, 3, 59011
What are the prime factors of 160479?
3, 11, 1621
What are the prime factors of 2460756?
2, 3, 205063
What are the prime factors of 436141?
587, 743
List the prime factors of 799371.
3, 88819
What are the prime factors of 166587?
3, 55529
What are the prime factors of 2497908?
2, 3, 7, 131, 227
List the prime factors of 46024.
2, 11, 523
What are the prime factors of 14315080?
2, 5, 13, 27529
What are the prime factors of 8260980?
2, 3, 5, 7, 13, 17, 89
List the prime factors of 636520.
2, 5, 15913
List the prime factors of 993558.
2, 3, 43, 3851
What are the prime factors of 2542580?
2, 5, 19, 6691
What are the prime factors of 110020?
2, 5, 5501
What are the prime factors of 873759?
3, 291253
What are the prime factors of 566964?
2, 3, 15749
What are the prime factors of 21918052?
2, 13, 421501
What are the prime factors of 157160?
2, 5, 3929
What are the prime factors of 1881382?
2, 940691
What are the prime factors of 10520?
2, 5, 263
What are the prime factors of 26654890?
2, 5, 179, 14891
What are the prime factors of 16590?
2, 3, 5, 7, 79
List the prime factors of 252538.
2, 11, 13, 883
What are the prime factors of 3268796?
2, 67, 12197
List the prime factors of 645597.
3, 23911
What are the prime factors of 505912?
2, 11, 5749
What are the prime factors of 2815658?
2, 1407829
List the prime factors of 354705.
3, 5, 13, 17, 107
What are the prime factors of 1151159?
1151159
List the prime factors of 330084.
2, 3, 53, 173
What are the prime factors of 1510017?
3, 503339
List the prime factors of 1707521.
1707521
List the prime factors of 4720700.
2, 5, 47207
What are the prime factors of 2512324?
2, 419, 1499
What are the prime factors of 3188942?
2, 1594471
What are the prime factors of 12538114?
2, 6269057
What are the prime factors of 34716744?
2, 3, 199, 2423
What are the prime factors of 4680158?
2, 7, 334297
What are the prime factors of 11812692?
2, 3, 984391
List the prime factors of 395326.
2, 157, 1259
List the prime factors of 14811872.
2, 462871
List the prime factors of 3634748.
2, 13, 69899
What are the prime factors of 387418?
2, 97, 1997
What are the prime factors of 3639473?
3639473
List the prime factors of 177419.
11, 127
What are the prime factors of 520368?
2, 3, 37, 293
What are the prime factors of 130455?
3, 5, 13, 223
What are the prime factors of 91481?
13, 31, 227
List the prime factors of 281781.
3, 131, 239
What are the prime factors of 173850?
2, 3, 5, 19, 61
List the prime factors of 10458518.
2, 7, 747037
What are the prime factors of 453811?
89, 5099
What are the prime factors of 36421565?
5, 17, 428489
What are the prime factors of 349916?
2, 7, 12497
What are the prime factors of 9086?
2, 7, 11, 59
List the prime factors of 398708.
2, 263, 379
What are the prime factors of 11298286?
2, 109, 51827
What are the prime factors of 1507733?
139, 10847
What are the prime factors of 26749?
23, 1163
List the prime factors of 7286.
2, 3643
List the prime factors of 89533.
89533
List the prime factors of 68657.
71, 967
What are the prime factors of 328407?
3, 109469
List the prime factors of 508140.
2, 3, 5, 941
List the prime factors of 16292857.
7, 2327551
What are the prime factors of 413329?
7, 137, 431
What are the prime factors of 241574?
2, 43, 53
What are the prime factors of 3201805?
5, 397, 1613
What are the prime factors of 651907?
61, 10687
List the prime factors of 12252591.
3, 13, 104723
List the prime factors of 24220531.
79, 306589
List the prime factors of 2375508.
2, 3, 197959
What are the prime factors of 9780960?
2, 3, 5, 7, 41, 71
List the prime factors of 1374862.
2, 687431
What are the prime factors of 15573757?
15573757
List the prime factors of 179959.
13, 109, 127
List the prime factors of 4345058.
2, 37, 71, 827
What are the prime factors of 227626?
2, 7, 71, 229
What are the prime factors of 150488?
2, 13, 1447
List the prime factors of 519923.
519923
List the prime factors of 221665.
5, 43, 1031
List the prime factors of 988990.
2, 5, 98899
What are the prime factors of 12227333?
12227333
List the prime factors of 1461855.
3, 5, 41, 2377
What are the prime factors of 1562536?
2, 173, 1129
List the prime factors of 19331947.
631, 30637
What are the prime factors of 92723?
92723
List the prime factors of 646342.
2, 19, 73, 233
What are the prime factors of 9143270?
2, 5, 914327
What are the prime factors of 148556?
2, 37139
What are the prime factors of 1227728?
2, 76733
What are the prime factors of 7206463?
11, 47, 53, 263
What are the prime factors of 13036462?
2, 521, 12511
What are the prime factors of 653108?
2, 23, 31, 229
List the prime factors of 2209950.
2, 3, 5, 1637
What are the prime factors of 22380646?
2, 743, 15061
List the prime factors of 6981010.
2, 5, 499, 1399
What are the prime factors of 288876?
2, 3, 7, 19, 181
List the prime factors of 1241548.
2, 7, 11, 29, 139
What are the prime factors of 331493?
19, 73, 239
List the prime factors of 213847.
213847
What are the prime factors of 2468376?
2, 3, 34283
List the prime factors of 8344614.
2, 3, 1069, 1301
List the prime factors of 6553197.
3, 7, 34673
List the prime factors of 131036.
2, 17, 41, 47
What are the prime factors of 664381?
664381
List the prime factors of 318664.
2, 61, 653
What are the prime fa